 3, 17, 23357
List the prime factors of 1334778.
2, 3, 269, 827
List the prime factors of 1052714.
2, 13, 19, 2131
What are the prime factors of 842863?
7, 347
What are the prime factors of 2792?
2, 349
What are the prime factors of 372160?
2, 5, 1163
What are the prime factors of 4607401?
131, 35171
List the prime factors of 196093.
157, 1249
What are the prime factors of 12761637?
3, 7, 607697
What are the prime factors of 7403938?
2, 3701969
What are the prime factors of 58027?
58027
List the prime factors of 286126.
2, 143063
List the prime factors of 152701.
311, 491
What are the prime factors of 1230010?
2, 5, 123001
What are the prime factors of 29372302?
2, 29, 37, 13687
What are the prime factors of 146774?
2, 73387
What are the prime factors of 171103?
171103
List the prime factors of 19438211.
13, 115019
What are the prime factors of 457170?
2, 3, 5, 7, 311
List the prime factors of 34529652.
2, 3, 17, 6269
List the prime factors of 5295866.
2, 47, 53, 1063
What are the prime factors of 12097679?
11, 101, 10889
List the prime factors of 64835.
5, 12967
List the prime factors of 605087.
7, 86441
What are the prime factors of 95943?
3, 31981
List the prime factors of 1579896.
2, 3, 21943
What are the prime factors of 3720313?
37, 100549
List the prime factors of 2878461.
3, 319829
List the prime factors of 462848.
2, 113
List the prime factors of 1253435.
5, 250687
What are the prime factors of 2938399?
17, 127, 1361
List the prime factors of 189128.
2, 47, 503
List the prime factors of 441697.
441697
What are the prime factors of 3951115?
5, 7, 16127
What are the prime factors of 450984?
2, 3, 19, 23, 43
List the prime factors of 19915.
5, 7, 569
List the prime factors of 4989306.
2, 3, 7, 211, 563
List the prime factors of 4745207.
2027, 2341
List the prime factors of 514715.
5, 113, 911
List the prime factors of 17678821.
67, 263863
List the prime factors of 7275169.
11, 173, 3823
What are the prime factors of 7672938?
2, 3, 7, 13, 23, 47
List the prime factors of 554017.
554017
What are the prime factors of 1888960?
2, 5, 5903
List the prime factors of 41084606.
2, 1249, 16447
What are the prime factors of 821486?
2, 431, 953
What are the prime factors of 4716487?
4716487
What are the prime factors of 131216?
2, 59, 139
List the prime factors of 2655790.
2, 5, 265579
List the prime factors of 564346.
2, 97, 2909
List the prime factors of 2456119.
131, 18749
What are the prime factors of 3396298?
2, 31, 54779
List the prime factors of 8856253.
7, 1265179
List the prime factors of 992924.
2, 248231
List the prime factors of 208247.
13, 83, 193
List the prime factors of 1958977.
59, 33203
What are the prime factors of 3695405?
5, 7, 19, 5557
What are the prime factors of 32551711?
2251, 14461
What are the prime factors of 9177238?
2, 7, 655517
What are the prime factors of 7168877?
7168877
List the prime factors of 4832919.
3, 7, 13, 281
What are the prime factors of 241204?
2, 47, 1283
List the prime factors of 5854656.
2, 3, 30493
What are the prime factors of 19090389?
3, 31, 233, 881
What are the prime factors of 1308148?
2, 23, 59, 241
What are the prime factors of 803165?
5, 11, 17, 859
List the prime factors of 99928.
2, 12491
What are the prime factors of 13042059?
3, 41, 106033
List the prime factors of 2132920.
2, 5, 53323
List the prime factors of 6697078.
2, 43, 1811
What are the prime factors of 797287?
797287
List the prime factors of 2501106.
2, 3, 416851
What are the prime factors of 851655?
3, 5, 7, 8111
List the prime factors of 331977.
3, 41, 2699
List the prime factors of 1712059.
53, 32303
What are the prime factors of 2188325?
5, 17, 19, 271
List the prime factors of 40522.
2, 20261
What are the prime factors of 10062807?
3, 3354269
List the prime factors of 28426824.
2, 3, 394817
List the prime factors of 3486469.
7, 173, 2879
What are the prime factors of 19645596?
2, 3, 545711
List the prime factors of 1375825.
5, 11, 5003
What are the prime factors of 175046?
2, 87523
List the prime factors of 1685585.
5, 11, 19, 1613
What are the prime factors of 4531997?
277, 16361
List the prime factors of 1246497.
3, 7, 59357
List the prime factors of 1772164.
2, 443041
List the prime factors of 37764.
2, 3, 1049
What are the prime factors of 206410?
2, 5, 20641
What are the prime factors of 1266943?
1266943
List the prime factors of 366468.
2, 3, 30539
What are the prime factors of 4453472?
2, 29, 4799
List the prime factors of 400452.
2, 3, 13, 17, 151
What are the prime factors of 4721018?
2, 2360509
List the prime factors of 756463.
756463
List the prime factors of 107903.
107903
List the prime factors of 549670.
2, 5, 11, 19, 263
What are the prime factors of 1236733?
17, 23, 3163
What are the prime factors of 19337076?
2, 3, 11, 41, 397
List the prime factors of 1641384.
2, 3, 17, 149
What are the prime factors of 874757?
13, 67289
What are the prime factors of 220839?
3, 73613
What are the prime factors of 2151440?
2, 5, 26893
What are the prime factors of 197495?
5, 39499
List the prime factors of 62415.
3, 5, 19, 73
List the prime factors of 197949.
3, 65983
List the prime factors of 13664661.
3, 929, 4903
List the prime factors of 962735.
5, 192547
What are the prime factors of 341904?
2, 3, 17, 419
List the prime factors of 4460482.
2, 13, 23, 7459
What are the prime factors of 539035?
5, 7, 15401
List the prime factors of 133622.
2, 71, 941
What are the prime factors of 740134?
2, 370067
List the prime factors of 11257182.
2, 3, 229, 2731
What are the prime factors of 790786?
2, 23, 17191
What are the prime factors of 370245?
3, 5, 24683
List the prime factors of 224471.
13, 31, 557
What are the prime factors of 112503?
3, 37501
What are the prime factors of 57398?
2, 11, 2609
What are the prime factors of 1497123?
3, 61, 101
What are the prime factors of 413948?
2, 239, 433
What are the prime factors of 130002?
2, 3, 47, 461
What are the prime factors of 42340334?
2, 691, 30637
List the prime factors of 444110.
2, 5, 89, 499
What are the prime factors of 5292046?
2, 2646023
What are the prime factors of 18937155?
3, 5, 37, 149, 229
What are the prime factors of 6785205?
3, 5, 7, 64621
List the prime factors of 115735.
5, 79, 293
List the prime factors of 12485192.
2, 83, 18803
What are the prime factors of 4181530?
2, 5, 271, 1543
List the prime factors of 1455472.
2, 17, 5351
What are the prime factors of 106668?
2, 3, 2963
What are the prime factors of 3949643?
3949643
What are the prime factors of 1586463?
3, 528821
What are the prime factors of 672321?
3, 13, 17239
What are the prime factors of 293862?
2, 3, 17, 43, 67
What are the prime factors of 2223353?
11, 107, 1889
What are the prime factors of 246737?
137, 1801
List the prime factors of 6927584.
2, 37, 5851
List the prime factors of 13953607.
13953607
What are the prime factors of 624201?
3, 208067
What are the prime factors of 32623963?
32623963
List the prime factors of 378837.
3, 1559
What are the prime factors of 7801402?
2, 7, 17, 32779
What are the prime factors of 577167?
3, 17, 11317
List the prime factors of 10353373.
199, 52027
What are the prime factors of 24373834?
2, 12186917
What are the prime factors of 93618?
2, 3, 7, 743
What are the prime factors of 260373?
3, 229, 379
List the prime factors of 7284041.
17, 428473
What are the prime factors of 66122?
2, 7, 4723
List the prime factors of 6699779.
6699779
What are the prime factors of 7993?
7993
List the prime factors of 419841.
3, 46649
What are the prime factors of 582124?
2, 145531
What are the prime factors of 1317593?
19, 31, 2237
What are the prime factors of 7074207?
3, 7, 112289
List the prime factors of 8009449.
7, 499, 2293
List the prime factors of 18942644.
2, 7, 676523
What are the prime factors of 5365113?
3, 13, 137567
List the prime factors of 7708068.
2, 3, 149, 479
List the prime factors of 21944489.
7, 3134927
List the prime factors of 613259.
491, 1249
What are the prime factors of 19355100?
2, 3, 5, 149, 433
What are the prime factors of 87909?
3, 29303
List the prime factors of 334663.
7, 47809
What are the prime factors of 202953?
3, 67651
What are the prime factors of 5540?
2, 5, 277
List the prime factors of 390781.
390781
What are the prime factors of